 b(y) = -7*y + 8. Give b(-5).
43
Let d(a) = 12*a**2 + 6*a + 2. Give d(-2).
38
Let q(y) = y**3 + 11*y**2 - 12*y + 3. Calculate q(-12).
3
Let k(s) = -4*s**2 - 2*s + 10. What is k(2)?
-10
Let p(t) = t**2 + 4*t - 30. Determine p(-7).
-9
Let i(r) = 2*r**2 - 33*r + 36. Give i(16).
20
Let x(s) = s**3 - 10*s**2 + 9*s + 17. Give x(8).
-39
Let z(j) = -28*j**3 - j**2 + j. What is z(1)?
-28
Let k(x) = x**3 - 5*x**2 - 3*x + 11. Calculate k(4).
-17
Let f(k) = -k**2 - 20*k + 27. Calculate f(-21).
6
Let v(c) = -c**3 - 12*c**2 - 8*c + 15. Give v(-11).
-18
Let c(n) = 12*n**3 + 2*n**2 - 6*n - 7. Determine c(-1).
-11
Let f(m) = 4*m - 20. Determine f(6).
4
Let m(n) = -64*n. Calculate m(1).
-64
Let q(b) = -26*b**2 + b - 1. Determine q(1).
-26
Let q(v) = v**3 + 7*v**2 - 3*v - 9. Determine q(-4).
51
Let f(d) = -d**3 - 6*d**2 - 4*d - 5. Give f(-6).
19
Let u(n) = n**3 + 2*n**2 + 2*n + 7. Give u(0).
7
Let r(m) = m**2 - 12*m + 8. What is r(6)?
-28
Let q(f) = -20*f**2 + 5*f - 4. What is q(2)?
-74
Let k(t) = -t**3 + 7*t**2 - 5*t - 4. Determine k(6).
2
Let n(a) = -7*a + 24. Give n(3).
3
Let x(z) = -z**3 - 6*z**2 + 3*z + 11. What is x(-6)?
-7
Let f(r) = r**3 - 12*r**2 - 10*r - 48. Give f(13).
-9
Let t(k) = 26*k + 27. What is t(-1)?
1
Let w(z) = z - 24. Determine w(13).
-11
Let j(x) = 3*x + 7. What is j(5)?
22
Let q(m) = -m**3 - 8*m**2 - 3*m + 10. Calculate q(-5).
-50
Let o(c) = -55*c - 491. What is o(-9)?
4
Let q(i) = i**3 + 2*i**2 - i - 4. Give q(-3).
-10
Let u(m) = m**3 + 4*m**2 - 5*m - 11. Determine u(-5).
-11
Let p(z) = -z**2 + 3*z + 3. Calculate p(6).
-15
Let l(z) = -z**3 + 19*z**2 - 80*z + 16. Determine l(13).
-10
Let r(h) = 3*h + 19. What is r(-16)?
-29
Let g(c) = c**3 - 12*c**2 + 27*c + 8. Calculate g(9).
8
Let l(i) = -5*i**3 - i - 1. Calculate l(1).
-7
Let z(l) = -l**2 - 8*l - 12. Calculate z(-6).
0
Let i(t) = -3*t. What is i(1)?
-3
Let p(o) = o**3 + 7*o**2 - o + 2. Determine p(-7).
9
Let d(g) = 5*g**3 - 2*g + 2. Give d(1).
5
Let m(f) = -f**2 + 8*f - 5. Determine m(6).
7
Let o(p) = 3*p - 18. Give o(8).
6
Let o(x) = x**3 + 2*x**2 - 3*x + 7. Determine o(-3).
7
Let x(k) = k**3 - 12*k**2 + 14*k + 35. What is x(11)?
68
Let h(k) = -k**3 + 23*k**2 - 40*k - 45. Determine h(21).
-3
Let l(x) = x**2 - 26*x + 67. Give l(27).
94
Let h(l) = l**2 + 13*l + 51. Give h(-6).
9
Let d(g) = -g**2 + 22*g - 8. Give d(22).
-8
Let n(h) = 4*h**3 + 27*h**2 - 8*h - 5. Give n(-7).
2
Let g(r) = r**2 - 8*r + 3. Determine g(5).
-12
Let y(v) = 53*v**2 - v - 2. Give y(1).
50
Let h(z) = z**2 + 8*z - 19. Determine h(-9).
-10
Let u(o) = -7*o**3 + 17*o**2 - o + 1. Calculate u(2).
11
Let t(f) = -2*f**2 - 2*f + 6. Give t(4).
-34
Let c(f) = -3*f - 1. Determine c(3).
-10
Let n(h) = h**2 - 19*h - 1. Give n(20).
19
Let p(l) = 3*l**3 - 3*l + 2. Determine p(2).
20
Let b(w) = 10*w - 104. Determine b(11).
6
Let g(f) = -f**3 + f**2 + 4*f - 9. Give g(-5).
121
Let h(c) = 13*c + 114. Give h(-19).
-133
Let s(y) = -y**2 + 9*y + 25. Give s(12).
-11
Let q(y) = -y**3 + 10*y**2 - 2*y + 18. What is q(10)?
-2
Let m(w) = 2*w + 6. Calculate m(5).
16
Let j(i) = -i - 4. What is j(0)?
-4
Let n(g) = g**2 - 16*g + 24. Calculate n(13).
-15
Let b(d) = -2*d**3 - 28*d**2 + 28*d - 27. Give b(-15).
3
Let y(k) = k**2 + 3*k - 2. Give y(-4).
2
Let c(q) = -24*q**3 - 2*q**2 + q - 1. Determine c(-2).
181
Let q(y) = -y**2 + 15*y + 44. What is q(17)?
10
Let o(s) = 55*s**2 + 2*s + 1. Determine o(-1).
54
Let a(m) = -6*m**3 - 5*m**2 + 5*m - 1. Give a(1).
-7
Let x(l) = l**2 + 2*l + 2. What is x(-2)?
2
Let l(s) = 2*s + 1. Calculate l(14).
29
Let c(v) = -v**2 + 16*v - 17. Determine c(14).
11
Let q(o) = -7*o - 56. Determine q(-9).
7
Let q(o) = -6*o - 19. Give q(6).
-55
Let j(w) = -37*w + 104. What is j(3)?
-7
Let b(n) = 3*n - 1. Determine b(3).
8
Let h(u) = u - 11. What is h(4)?
-7
Let m(a) = a**3 - 7*a**2 + 6*a + 5. Calculate m(5).
-15
Let z(t) = -t**3 + t**2 + 7*t - 6. Determine z(4).
-26
Let s(z) = -2*z + 5. Calculate s(2).
1
Let a(w) = w**2 + w - 19. Give a(-6).
11
Let b(n) = 14*n**3 - 2*n**2 + 3*n. Calculate b(1).
15
Let f(q) = -q**3 + q**2 + 13*q - 22. What is f(3)?
-1
Let u(o) = -6*o**2 - 138*o + 149. What is u(-24)?
5
Let y(i) = -2*i + 48. Calculate y(-14).
76
Let f(u) = 241*u + 2175. What is f(-9)?
6
Let t(a) = 11*a - 5. What is t(5)?
50
Let q(m) = m**2 + 3*m - 6. Calculate q(5).
34
Let l(p) = 31*p**3 - p**2 - p + 1. What is l(1)?
30
Let r(g) = 13*g + 1102. What is r(-84)?
10
Let o(y) = y**2 - 6*y - 7. Determine o(7).
0
Let r(z) = 3*z - 52. What is r(19)?
5
Let r(b) = 4*b**2 + 87*b + 27. Determine r(-22).
49
Let r(h) = -h**2 + 4*h + 4. Determine r(4).
4
Let w(y) = -y**3 - 5*y**2 + 5*y - 4. What is w(-6)?
2
Let j(b) = 2*b. Give j(14).
28
Let i(h) = h**2 + 28*h + 102. Calculate i(-5).
-13
Let u(o) = o**3 - 6*o**2 + 4*o + 3. Determine u(5).
-2
Let j(c) = -c**3 + c + 2. Give j(-2).
8
Let p(h) = -4*h + 27. Give p(7).
-1
Let q(h) = -h + 23. What is q(16)?
7
Let i(m) = 2*m - 51. Calculate i(5).
-41
Let u(h) = 19*h + 14. Determine u(-1).
-5
Let x(q) = -q**3 - 19*q**2 + 64*q - 35. Determine x(-22).
9
Let l(f) = -f**3 + 34*f + 9. Give l(-6).
21
Let f(x) = -x - 67. Give f(0).
-67
Let z(h) = -h**2 - 1. Give z(4).
-17
Let u(p) = p**2 + 21*p + 62. Give u(-20).
42
Let i(d) = d**3 - d**2 - 4*d - 14. Give i(4).
18
Let z(l) = -l**2 - 8*l + 32. Give z(-11).
-1
Let h(b) = b**3 - 4*b**2 + 3*b - 1. Calculate h(2).
-3
Let o(g) = -g**2 + 10*g - 11. Give o(10).
-11
Let b(w) = w**2 - 14*w + 20. Calculate b(12).
-4
Let k(q) = q**2 + 2*q - 10. What is k(-4)?
-2
Let a(t) = 3*t + 9. Give a(-5).
-6
Let v(q) = -q**2 + 18*q + 14. Calculate v(19).
-5
Let t(u) = -4*u - 9. Calculate t(-7).
19
Let u(x) = -2*x**2 + x + 6. Determine u(0).
6
Let s(l) = -l**3 + 3*l**2 - 5*l - 3. Calculate s(6).
-141
Let u(x) = -4*x**2 + 2. What is u(-1)?
-2
Let x(h) = -h**3 - 28*h**2 - 181*h - 4. Give x(-10).
6
Let g(f) = -f**2 - 33*f - 93. Give g(-30).
-3
Let x(s) = 3*s**2 - 8*s + 11. Calculate x(2).
7
Let i(g) = 4*g + 14. Give i(-14).
-42
Let z(y) = -y**3 + 45*y**2 - 43*y - 99. What is z(44)?
-55
Let h(j) = 6*j - 33. Give h(11).
33
Let q(u) = -u**2 + 2*u - 4. What is q(3)?
-7
Let g(m) = -m**3 - 3*m**2 + 2*m + 2. Give g(-3).
-4
Let l(g) = g + 17. Calculate l(0).
17
Let v(k) = 25*k + 1. Calculate v(-3).
-74
Let u(p) = -8*p + 18. Give u(5).
-22
Let s(k) = -62*k - 294. What is s(-5)?
16
Let q(k) = k**3 - 2*k**2 - 3*k + 3. Calculate q(2).
-3
Let o(k) = -k**3 + 5*k**2 - 2*k - 6. Calculate o(3).
6
Let q(i) = -i**3 - 10*i**2 - 4*i - 9. Give q(-10).
31
Let h(i) = 5*i**3 + i**2 - 13. What is h(3)?
131
Let y(r) = 3*r - 16. Determine y(7).
5
Let z(m) = 8*m - 10. Give z(-11).
-98
Let m(w) = w**2 - 8*w - 14. Calculate m(13).
51
Let v(o) = o**2 + 32*o + 25. Give v(-31).
-6
Let m(t) = t**2 + t - 13. Determine m(-5).
7
Let m(s) = s - 4. Calculate m(6).
2
Let p(l) = -2*l + 6. Determine p(14).
-22
Let k(b) = b**3 + 8*b**2 + 9*b + 1. Calculate k(-8).
-71
Let o(b) = b + 21. Give o(-17).
4
Let m(j) = -j**2 + 38*j - 175. Calculate m(33).
-10
Let c(b) = -18*b**3 + 2*b**2 - 1. Determine c(1).
-17
Let v(a) = 3*a + 24. Determine v(10).
54
Let k(l) = l**2 + 4*l + 27. Calculate k(8).
123
Let l(q) = q**3 + 3*q**2 - 9. What is l(2)?
11
Let o(l) = -11*l**2 - l + 1. Give o(-1).
-9
Let y(t) = -5*t**2 - t + 1. What is y(1)?
-5
Let k(a) = -a**2 - a + 14. Determine k(0).
14
Let f(z) = -9*z - 36. Determine f(-9).
45
Let l(h) = 47*h**2 - 2*h - 3. What is l(-1)?
46
Let z(t) = -t**3 - 4*t**2 - 2*t + 2. Calculate z(-2).
-2
Let i(p) = p**2 + 2*p + 2. Determine i(0).
2
Let s(x) = -109*x**3 + x**2 + x + 1. Calculate s(-1).
110
Let l(p) = -p**3 + 6*p**2 - 8*p + 19. Determine l(5).
4
Let u(q) = -2*q**3 + 14*q - 15. What is u(1)?
-3
Let u(j) = j**3 + 6*j**2 + 3*j + 4. Determine u(-6).
-14
Let v(m) = m**2 - 4*m + 11. Determine v(5).
16
Let y(d) = d**2 - 12*d - 25. What is y(13)?
-12
Let o(g) = 30*g. What is o(1)?
30
Let n(o) = -3*o + 14. Determine n(5).
-1
Let o(z) = -z**3 - 7*z**2 + 2*z + 3. Calculate o(-7).
-11
Let v(l) = -l**3 - 4*l**2 + l + 5. Determine v(-4).
1
Let c(w) = 2*w**2 - 19*w - 31. Determine c(16).
177
Let a(h) = -h**3 - 5*h**2 + 8*h + 3. Calculate a(-6).
-9
Let q(v) = v**3 + 3*v**2 + 3*v + 5. What is q(-4)?
-23
Let t(r) = -r**3 + 3*r**2. Give t(-3).
54
Let i(w) = -29*w**3 - w. Calculate i(-1).
30
Let y(q) = -q**2 + 9*q - 13. G